 2*s + 1934 = 0. Is -4*(g/(-24) + (-95)/(-57)) prime?
True
Suppose 0*w - 2*w = 4*x + 18, -4*x + 4*w - 24 = 0. Let i be 1/(-3) - x/15. Suppose -a - 5*o = -1277 - 555, i = -5*o - 5. Is a a composite number?
True
Let j = -2812 + 6503. Is j a prime number?
True
Let a(t) = -1 + 6 - 11 - 2*t. Let x be a(3). Is (-19449)/x - (-1)/4 prime?
True
Suppose -5*s - 25 = 0, -t + 183294 = 10*s - 9*s. Is t prime?
True
Let c = -67 - -77. Suppose -5*a = c, 0 = -t + 5*t + 5*a - 4450. Is t a prime number?
False
Is ((-238)/85)/(2/5) - (3 + -120651) a prime number?
True
Let g = 53243 + -37060. Is g composite?
False
Let k be -3 + -2 + 0 + 31602 + -3. Let h = k + -14635. Suppose 5*o - h = -4814. Is o a composite number?
True
Let u = -74 - -79. Let c(o) = 3211*o - 22. Let i be c(u). Suppose y + k - 3201 = 0, -k - i = -5*y + k. Is y a composite number?
True
Let s(m) = -6*m + 12. Let c = 103 - 113. Let i be s(c). Is 34949/9 + (-16)/i a composite number?
True
Let x(i) = 0*i**2 - 2*i - i**3 - 114 - 247 - i**2. Let b be x(0). Let r = b + 708. Is r prime?
True
Suppose 3*v + 5960 = 2*o - 19022, 3*o - 4*v - 37472 = 0. Suppose -3*i + r = -3*r - o, -5*i + 20802 = -r. Suppose i = -6*h + 12326. Is h prime?
True
Let g(d) = d - 74. Let a be g(17). Let q = -54 - a. Suppose q*v = -4*k - v + 9240, -3*v = 5*k - 11548. Is k a prime number?
True
Let b be (5352/(-18))/(-1)*-6. Let a = -385 - b. Is a composite?
False
Let o = -1028744 + 2106933. Is o a prime number?
False
Is 339/1017*670094/(1*2/3) a composite number?
False
Let i = -11 + 2. Let a = -10 - i. Let l(z) = 891*z**2 + 3*z + 1. Is l(a) a prime number?
False
Let u be (76/12 + -3)*3. Let p = u - -42. Suppose 50*q - p*q = -382. Is q prime?
True
Let t be (-3)/3 + 3 - -484. Suppose 5*w - 2*w - 48 = 0. Suppose b = t + w. Is b composite?
True
Let q = 323318 + -172837. Is q composite?
True
Let n(b) = 1604*b + 14025. Is n(37) composite?
True
Let t = -121624 + 261427. Is t composite?
True
Suppose 0 = -24*y + 21*y + 9678. Is y composite?
True
Suppose -8529 = -5*d + 7701. Suppose 3*f + 2*f = 0, -2*f + 4060 = 2*h. Suppose -4*n + h = -d. Is n composite?
False
Suppose -86*i = -82*i - 3*z - 5451020, -i + 2*z + 1362745 = 0. Is i prime?
True
Let b be (0 - (-4 - -7)) + 3/1. Suppose 2*r - 4*q = 5882, -3*r + 5*q + 8821 = -b*r. Suppose r = 5*u + 752. Is u prime?
False
Suppose 4*r - 158 = -5*h + 433, r = -2*h + 144. Suppose r*q = 165*q - 172513. Is q composite?
False
Suppose 5*p - 12 - 3 = 0. Let o be ((-5)/(-15))/(p/(-1017)). Let a = 258 + o. Is a a composite number?
True
Let l(s) = 4916*s + 259. Is l(15) a prime number?
True
Let z = 1 + 2. Let a = -1230 + 1233. Suppose 5*g - 2037 = -a*b, z*b + 0*b = -g + 2037. Is b a composite number?
True
Let l = -17247 + 33964. Is l prime?
False
Let i(g) = g**2 + 8*g - 7. Suppose 2*t = 6*t + 36. Let m be i(t). Is -4*(m - 1) - -311 a composite number?
False
Suppose -27 - 36 = -9*y. Suppose -y*n + 240 = -8*n. Let j = 419 + n. Is j composite?
False
Suppose 2*m = -22 - 4. Let w = -13 - m. Suppose 4*h - h - 1191 = w. Is h a prime number?
True
Let m = -221 - -274. Suppose -19794 = -m*a + 47*a. Is a a composite number?
False
Let y = 20629 - -27544. Is y a composite number?
True
Let n(g) be the first derivative of 33*g - 23*g**2 + 1/4*g**4 - 7 + 22/3*g**3. Is n(-20) composite?
False
Let w = 181 - 169. Is 3/2*7016/w prime?
True
Suppose 2541*i = 2520*i + 6447. Is i composite?
False
Let m be ((0/(-2))/1)/(-1). Suppose 2*i = 4*f + 10, -f = i + 4*i - 36. Suppose m = i*w - 9*w + 382. Is w a composite number?
False
Let b = -67 - -79. Suppose 13*j + g - 5080 = b*j, 4*j - 5*g - 20293 = 0. Is j prime?
True
Let o = 41200 + -19369. Suppose 3*m + 5070 - o = 0. Is m prime?
False
Let z(n) = 45*n + 193. Let j be z(-4). Is (j/(-26))/(3/(-51378)) a composite number?
False
Suppose -110*r = -74*r + 119*r - 152964695. Is r composite?
True
Suppose 33*o + 10*o - 652756 = 212533. Is o composite?
False
Let t(d) = -d**3 + 5*d**2 + 3*d + 7. Let v be t(-4). Suppose 2*w = 823 - v. Suppose 339*y = w*y - 5127. Is y a composite number?
False
Let v = 57610 + -33581. Is v a prime number?
True
Let h(u) = -1846*u - 231. Is h(-49) a prime number?
False
Let b = 55983 + 41434. Is b prime?
False
Let k(p) = 6734*p**2 - 8*p + 2. Let i be k(2). Is (i/9)/((-34)/(-51)) prime?
False
Suppose -22*a - 31*a + 2973240 = -4377913. Is a composite?
True
Suppose -2*v - c + 95 = 0, 2*v + 13*c - 8*c - 83 = 0. Is (-15700)/(-35) - (-21)/v a prime number?
True
Suppose -5*t + 2*s = -57581, -1271*s = 4*t - 1276*s - 46041. Is t a composite number?
False
Let z(x) = 9*x + 5. Let d be z(0). Suppose -5*t - 3*s + 1679 = 0, t + 1695 = 6*t - d*s. Is t a prime number?
True
Suppose a - 5*z = 8, 3*z - 9 = -3*a - a. Suppose a*f = -6*j + 2*j + 3931, 0 = f + 5*j - 1303. Is f prime?
False
Suppose -2*j + 5*w = -8, 3*j - w - 2*w - 12 = 0. Let l = -375 + 388. Suppose -j*c - 4*z + 820 = 0, -2*z = l - 5. Is c prime?
False
Suppose -632*l - 4664394 = -650*l. Is l a prime number?
False
Let w be (-303872)/240 + (-6)/(-45). Suppose -1 - 19 = -5*p. Is (-2)/((2 + 1)*p/w) prime?
True
Suppose -3590891 - 6067913 = -46*u. Is u prime?
False
Suppose -69*j + 22*j = -9917. Is j a prime number?
True
Suppose 3504758 = 4*p - o, 26*o - 30*o = -2*p + 1752358. Is p prime?
True
Suppose -95*p + 74*p + 4116966 + 2959887 = 0. Is p prime?
False
Suppose 44*d - 349011 = 35*d. Suppose -o = 12*o - d. Is o prime?
False
Suppose 5*d = 21 + 9. Let b be 63/5 - d/(-15). Let y(a) = -a**3 + 15*a**2 + 10*a - 19. Is y(b) a prime number?
True
Let p(q) = -11*q - 42. Let a be p(-4). Suppose r = -4, -w + a*w - 291 = -4*r. Is w a composite number?
False
Suppose 1 = m, 3*q + 3*m - 15501 - 86871 = 0. Is q a composite number?
False
Suppose 5*r - 3*d + d = 51, -d + 33 = 4*r. Suppose -542 = -o - r. Suppose k = -3*y - 3*k + 802, -2*y = 3*k - o. Is y composite?
True
Let t(a) = -11*a**3 + 5*a**2 + 29*a - 1. Let l(d) = -3*d**3 + d**2 + 7*d. Let f(j) = -9*l(j) + 2*t(j). Let k be f(3). Suppose 0 = -i + 1526 - k. Is i composite?
False
Let w be (-2)/(-4) - (-2 - 40/(-16)). Let q = 4201 + w. Is q a composite number?
False
Let u(n) = -10*n**3 - 81*n**2 - 69*n + 359. Is u(-34) a prime number?
False
Let p be ((-883)/2)/(7/(-42)). Let c = p + 1336. Is c a prime number?
False
Let v = 33 + -5. Suppose -v*h + 23*h = -10. Suppose -h*c + 1598 = y - 3*y, -803 = -c + 3*y. Is c a composite number?
False
Let f(y) = 332*y - 1307. Is f(54) a prime number?
False
Suppose -17*q = 5*p - 18*q - 97620, -3*p = -2*q - 58579. Is p prime?
False
Suppose -6*d + 371 = -91. Let a = 163 - d. Let v = 80 + a. Is v composite?
True
Suppose -2*s = 5*g - 2138557, -2*g + 281355 = 3*s - 574070. Is g prime?
True
Suppose 28909 = b - t, -b - t + 144581 = 4*b. Is b prime?
False
Suppose -h = t - 9, -2*t + 9 = -h + 3. Suppose s + 11 = -2*i, h*i + s - 5*s = 8. Is (-1 + 1)/i + (52 - -1) a prime number?
True
Suppose 11*u - 163301 = 8*u + 2*p, 9*u - 489896 = 5*p. Is u a composite number?
True
Let b = 4145 + -4136. Let r(c) = -c**3 + 16*c**2 - 4*c - 17. Let j(v) = -v**3 + 15*v**2 - 4*v - 16. Let s(g) = -7*j(g) + 6*r(g). Is s(b) prime?
False
Let s = 590846 + -418693. Is s a composite number?
False
Is (-6)/(-27)*-3*5038332/(-8) prime?
False
Let s(b) = 17707*b + 1823. Is s(12) a composite number?
True
Let v = -11985 + 18665. Let g = v - 4199. Is g a prime number?
False
Suppose -2*q - 37 + 45 = 0. Is -2 + 16159/q - (-3)/(-4) a composite number?
True
Suppose -6*j + j + 40 = 5*s, -3*s = -12. Suppose -j*l = -2*l - 1706. Is l a composite number?
False
Let u(f) = 5*f - 46. Let w be u(10). Suppose -b = -5*a + 122, 2*a - 4*b + w = 42. Is a a prime number?
False
Let h = -27 + 37. Let i = 33 + 115. Suppose -h*m = -14*m + i. Is m composite?
False
Suppose 5*a = 5*f + 3295, 0 = 6*f - 2*f - 5*a + 2638. Suppose s + 684 = -5*j, 4*s + 536 = -4*j + 6*s. Let u = j - f. Is u prime?
True
Is (17/((-85)/10))/(-2*1/36997) a composite number?
False
Let p = 28344 + -12833. Is p a composite number?
False
Is -1 - -1 - -44639 - (33 - 39) a composite number?
True
Let p = 133198 + -71079. Is p a prime number?
True
Is ((1 + -3)/6)/((-9)/3372813) prime?
True
Suppose 50*g - 16*g - 1222713 - 1446185 = 0. Is g prime?
True
Is (-8 - 269577)*42/(-210) composite?
False
Suppose 39*d = 41*d + 4*x - 2534, 5*x = 3*d - 3757. Is d a composite number?
Fals